{"id":882,"date":"2026-01-14T14:39:09","date_gmt":"2026-01-14T13:39:09","guid":{"rendered":"https:\/\/erwancorre.fr\/?page_id=882"},"modified":"2026-01-14T20:18:29","modified_gmt":"2026-01-14T19:18:29","slug":"curriculum-vitae","status":"publish","type":"page","link":"https:\/\/erwancorre.fr\/index.php\/curriculum-vitae\/","title":{"rendered":"Curriculum Vitae"},"content":{"rendered":"\t\t<div data-elementor-type=\"wp-page\" data-elementor-id=\"882\" class=\"elementor elementor-882\" data-elementor-post-type=\"page\">\n\t\t\t\t<div class=\"elementor-element elementor-element-20cb41a e-flex e-con-boxed e-con e-parent\" data-id=\"20cb41a\" data-element_type=\"container\">\n\t\t\t\t\t<div class=\"e-con-inner\">\n\t\t<div class=\"elementor-element elementor-element-a9a9d8a e-con-full e-flex e-con e-child\" data-id=\"a9a9d8a\" data-element_type=\"container\">\n\t\t<div class=\"elementor-element elementor-element-3f30623 e-con-full e-flex e-con e-child\" data-id=\"3f30623\" data-element_type=\"container\">\n\t\t\t\t<div class=\"elementor-element elementor-element-3648689 elementor-widget elementor-widget-html\" data-id=\"3648689\" data-element_type=\"widget\" data-widget_type=\"html.default\">\n\t\t\t\t\t<video \n    src=\"https:\/\/erwancorre.fr\/wp-content\/uploads\/2026\/01\/Crayon0001-0150.mp4\" \n    autoplay loop muted playsinline\n    style=\"width: 100%; height: 1000%; object-fit: cover; display: block;\">\n<\/video>\t\t\t\t<\/div>\n\t\t\t\t<\/div>\n\t\t<div class=\"elementor-element elementor-element-63e05d8 e-con-full e-flex e-con e-child\" data-id=\"63e05d8\" data-element_type=\"container\">\n\t\t\t\t<div class=\"elementor-element elementor-element-40d4831 elementor-widget elementor-widget-text-editor\" data-id=\"40d4831\" data-element_type=\"widget\" data-widget_type=\"text-editor.default\">\n\t\t\t\t\t\t\t\t\t<p>Tout part d&rsquo;un <br \/><span class=\"ma-typo-custom-italic\">r\u00eave d&rsquo;enfant<\/span><\/p>\t\t\t\t\t\t\t\t<\/div>\n\t\t<div class=\"elementor-element elementor-element-52e7494 e-con-full e-flex e-con e-child\" data-id=\"52e7494\" data-element_type=\"container\">\n\t\t\t\t<div class=\"elementor-element elementor-element-a3f0292 elementor-widget elementor-widget-text-editor\" data-id=\"a3f0292\" data-element_type=\"widget\" data-widget_type=\"text-editor.default\">\n\t\t\t\t\t\t\t\t\t<p data-path-to-node=\"7\">Depuis petit, mon esprit a toujours \u00e9t\u00e9 en \u00e9bullition. J&rsquo;ai toujours aim\u00e9 cr\u00e9er, dessiner, et surtout, r\u00eaver. Pendant longtemps, je me suis projet\u00e9 dessinateur, architecte ou encore designer d&rsquo;objet. Les titres changeaient, mais le moteur restait le m\u00eame : l&rsquo;envie visc\u00e9rale de partager ce qui se trouve dans mon cerveau, peu importe le support utilis\u00e9.<\/p><p data-path-to-node=\"8\">Plus tard, j&rsquo;ai pris une d\u00e9cision importante : arr\u00eater de me conditionner \u00e0 un seul m\u00e9tier. Pourquoi choisir une seule case quand on peut simplement porter la casquette de \u00ab\u00a0Cr\u00e9atif\u00a0\u00bb ?<\/p>\t\t\t\t\t\t\t\t<\/div>\n\t\t\t\t<\/div>\n\t\t\t\t<\/div>\n\t\t\t\t<\/div>\n\t\t<div class=\"elementor-element elementor-element-e7736fe e-con-full e-flex e-con e-child\" data-id=\"e7736fe\" data-element_type=\"container\">\n\t\t<div class=\"elementor-element elementor-element-757ec04 e-con-full e-flex e-con e-child\" data-id=\"757ec04\" data-element_type=\"container\">\n\t\t\t\t<div class=\"elementor-element elementor-element-15901f5 elementor-widget elementor-widget-text-editor\" data-id=\"15901f5\" data-element_type=\"widget\" data-widget_type=\"text-editor.default\">\n\t\t\t\t\t\t\t\t\tLe <span class=\"ma-typo-custom-italic\">grand<\/span> saut\t\t\t\t\t\t\t\t<\/div>\n\t\t<div class=\"elementor-element elementor-element-a6ce918 e-con-full e-flex e-con e-child\" data-id=\"a6ce918\" data-element_type=\"container\">\n\t\t\t\t<div class=\"elementor-element elementor-element-72a0778 elementor-widget elementor-widget-text-editor\" data-id=\"72a0778\" data-element_type=\"widget\" data-widget_type=\"text-editor.default\">\n\t\t\t\t\t\t\t\t\t<p data-path-to-node=\"10\">\u00c0 16 ans, j&rsquo;ai commenc\u00e9 \u00e0 dompter les logiciels, ces outils magiques capables de transformer mes pens\u00e9es en visuels tangibles. La passion \u00e9tait telle qu&rsquo;attendre la fin de mes \u00e9tudes pour commencer me semblait impossible.<\/p><p data-path-to-node=\"11\">C\u2019est ainsi qu\u2019\u00e0 17 ans, en parall\u00e8le de ma terminale, je me suis lanc\u00e9 en Freelance. Ce n&rsquo;\u00e9tait pas juste un job \u00e9tudiant, c&rsquo;\u00e9tait un d\u00e9fi personnel : confronter mes comp\u00e9tences \u00e0 la r\u00e9alit\u00e9 du march\u00e9. Depuis mars 2021, cette aventure ind\u00e9pendante ne s&rsquo;est jamais arr\u00eat\u00e9e. Elle m&rsquo;a appris ce que l&rsquo;\u00e9cole n&rsquo;enseigne pas toujours : la relation client, la gestion de projet et l&rsquo;agilit\u00e9 n\u00e9cessaire pour passer d&rsquo;une identit\u00e9 visuelle \u00e0 du prototypage web.<\/p>\t\t\t\t\t\t\t\t<\/div>\n\t\t\t\t<\/div>\n\t\t\t\t<\/div>\n\t\t<div class=\"elementor-element elementor-element-9d748e8 e-con-full e-flex e-con e-child\" data-id=\"9d748e8\" data-element_type=\"container\">\n\t\t\t\t<div class=\"elementor-element elementor-element-ccdadb6 elementor-widget elementor-widget-html\" data-id=\"ccdadb6\" data-element_type=\"widget\" data-widget_type=\"html.default\">\n\t\t\t\t\t<video \n    src=\"https:\/\/erwancorre.fr\/wp-content\/uploads\/2026\/01\/Cursor0001-0150.mp4\" \n    autoplay loop muted playsinline\n    style=\"width: 75%; height: 75%; object-fit: cover; display: block;\">\n<\/video>\t\t\t\t<\/div>\n\t\t\t\t<\/div>\n\t\t\t\t<\/div>\n\t\t<div class=\"elementor-element elementor-element-7f13551 e-con-full e-flex e-con e-child\" data-id=\"7f13551\" data-element_type=\"container\">\n\t\t<div class=\"elementor-element elementor-element-29167ac e-con-full e-flex e-con e-child\" data-id=\"29167ac\" data-element_type=\"container\">\n\t\t\t\t<div class=\"elementor-element elementor-element-1a6b389 elementor-widget elementor-widget-html\" data-id=\"1a6b389\" data-element_type=\"widget\" data-widget_type=\"html.default\">\n\t\t\t\t\t<video \n    src=\"https:\/\/erwancorre.fr\/wp-content\/uploads\/2026\/01\/Diplo%CC%82me0001-0150.mp4\" \n    autoplay loop muted playsinline\n    style=\"width: 100%; height: 1000%; object-fit: cover; display: block;\">\n<\/video>\t\t\t\t<\/div>\n\t\t\t\t<\/div>\n\t\t<div class=\"elementor-element elementor-element-deed0dd e-con-full e-flex e-con e-child\" data-id=\"deed0dd\" data-element_type=\"container\">\n\t\t\t\t<div class=\"elementor-element elementor-element-5004912 elementor-widget elementor-widget-text-editor\" data-id=\"5004912\" data-element_type=\"widget\" data-widget_type=\"text-editor.default\">\n\t\t\t\t\t\t\t\t\tForger son <span class=\"ma-typo-custom-italic\">regard<\/span>\t\t\t\t\t\t\t\t<\/div>\n\t\t<div class=\"elementor-element elementor-element-1a5a7d2 e-con-full e-flex e-con e-child\" data-id=\"1a5a7d2\" data-element_type=\"container\">\n\t\t\t\t<div class=\"elementor-element elementor-element-6cfa2c4 elementor-widget elementor-widget-text-editor\" data-id=\"6cfa2c4\" data-element_type=\"widget\" data-widget_type=\"text-editor.default\">\n\t\t\t\t\t\t\t\t\t<p data-path-to-node=\"13\">Mon parcours n&rsquo;est pas lin\u00e9aire, il est riche de contrastes. J&rsquo;ai construit mon expertise acad\u00e9mique \u00e0 travers un Bachelor Graphiste Concepteur \u00e0 l&rsquo;AFIP, suivi d&rsquo;un Mast\u00e8re en Direction Artistique \u00e0 E-artsup (2024-2025). Mais c&rsquo;est sur le terrain que j&rsquo;ai affin\u00e9 mon \u0153il.<\/p><p data-path-to-node=\"14\">J&rsquo;ai explor\u00e9 le monde associatif avec Graine Populaires, puis le rythme soutenu d&rsquo;agence chez Antigone. Mais c&rsquo;est chez Erard, dans le secteur industriel, que j&rsquo;ai appris la rigueur technique pendant deux ans : refonte compl\u00e8te de packaging, PLV, et m\u00eame la photographie. J&rsquo;y ai aussi ma\u00eetris\u00e9 des outils d&rsquo;automatisation pointus comme <i data-path-to-node=\"14\" data-index-in-node=\"336\">Packshot Creator<\/i> et <i data-path-to-node=\"14\" data-index-in-node=\"356\">EasyCatalog<\/i>.<\/p><p data-path-to-node=\"15\">Plus r\u00e9cemment, j&rsquo;ai endoss\u00e9 le r\u00f4le de Directeur Artistique chez Influactive. Une exp\u00e9rience cl\u00e9 qui m&rsquo;a permis de prendre de la hauteur, g\u00e9rant des projets globaux allant de la cr\u00e9ation d&rsquo;identit\u00e9 visuelle au montage vid\u00e9o, en passant par le design d&rsquo;interfaces web.<\/p><p data-path-to-node=\"17\">Aujourd&rsquo;hui, je suis la somme de toutes ces exp\u00e9riences. Je ne suis pas seulement un ex\u00e9cutant capable de ma\u00eetriser la suite Adobe ; je suis un partenaire cr\u00e9atif.<\/p><p data-path-to-node=\"18\">Que ce soit pour du branding, du web design ou de l&rsquo;\u00e9dition, j&rsquo;aborde chaque projet avec la m\u00eame curiosit\u00e9 que l&rsquo;enfant qui r\u00eavait d&rsquo;\u00eatre architecte, mais avec la rigueur du professionnel aguerri par la gestion de projet.<\/p><p data-path-to-node=\"19\">J&rsquo;ai h\u00e2te d&rsquo;\u00e9crire le prochain chapitre de cette histoire avec vous.<\/p>\t\t\t\t\t\t\t\t<\/div>\n\t\t\t\t<\/div>\n\t\t\t\t<\/div>\n\t\t\t\t<\/div>\n\t\t\t\t\t<\/div>\n\t\t\t\t<\/div>\n\t\t\t\t<\/div>\n\t\t","protected":false},"excerpt":{"rendered":"<p>Tout part d&rsquo;un r\u00eave d&rsquo;enfant Depuis petit, mon esprit a toujours \u00e9t\u00e9 en \u00e9bullition. J&rsquo;ai toujours aim\u00e9 cr\u00e9er, dessiner, et surtout, r\u00eaver. Pendant longtemps, je me suis projet\u00e9 dessinateur, architecte ou encore designer d&rsquo;objet. Les titres changeaient, mais le moteur restait le m\u00eame : l&rsquo;envie visc\u00e9rale de partager ce qui se trouve dans mon cerveau, [&hellip;]<\/p>\n","protected":false},"author":1,"featured_media":0,"parent":0,"menu_order":0,"comment_status":"closed","ping_status":"closed","template":"","meta":{"footnotes":""},"class_list":["post-882","page","type-page","status-publish","hentry"],"yoast_head":"<!-- This site is optimized with the Yoast SEO plugin v26.7 - https:\/\/yoast.com\/wordpress\/plugins\/seo\/ -->\n<title>Curriculum Vitae - erwancorre<\/title>\n<meta name=\"robots\" content=\"index, follow, max-snippet:-1, max-image-preview:large, max-video-preview:-1\" \/>\n<link rel=\"canonical\" href=\"https:\/\/erwancorre.fr\/index.php\/curriculum-vitae\/\" \/>\n<meta property=\"og:locale\" content=\"fr_FR\" \/>\n<meta property=\"og:type\" content=\"article\" \/>\n<meta property=\"og:title\" content=\"Curriculum Vitae - erwancorre\" \/>\n<meta property=\"og:description\" content=\"Tout part d&rsquo;un r\u00eave d&rsquo;enfant Depuis petit, mon esprit a toujours \u00e9t\u00e9 en \u00e9bullition. J&rsquo;ai toujours aim\u00e9 cr\u00e9er, dessiner, et surtout, r\u00eaver. Pendant longtemps, je me suis projet\u00e9 dessinateur, architecte ou encore designer d&rsquo;objet. Les titres changeaient, mais le moteur restait le m\u00eame : l&rsquo;envie visc\u00e9rale de partager ce qui se trouve dans mon cerveau, [&hellip;]\" \/>\n<meta property=\"og:url\" content=\"https:\/\/erwancorre.fr\/index.php\/curriculum-vitae\/\" \/>\n<meta property=\"og:site_name\" content=\"erwancorre\" \/>\n<meta property=\"article:modified_time\" content=\"2026-01-14T19:18:29+00:00\" \/>\n<meta name=\"twitter:card\" content=\"summary_large_image\" \/>\n<meta name=\"twitter:label1\" content=\"Dur\u00e9e de lecture estim\u00e9e\" \/>\n\t<meta name=\"twitter:data1\" content=\"3 minutes\" \/>\n<script type=\"application\/ld+json\" class=\"yoast-schema-graph\">{\"@context\":\"https:\/\/schema.org\",\"@graph\":[{\"@type\":\"WebPage\",\"@id\":\"https:\/\/erwancorre.fr\/index.php\/curriculum-vitae\/\",\"url\":\"https:\/\/erwancorre.fr\/index.php\/curriculum-vitae\/\",\"name\":\"Curriculum Vitae - erwancorre\",\"isPartOf\":{\"@id\":\"https:\/\/erwancorre.fr\/#website\"},\"datePublished\":\"2026-01-14T13:39:09+00:00\",\"dateModified\":\"2026-01-14T19:18:29+00:00\",\"breadcrumb\":{\"@id\":\"https:\/\/erwancorre.fr\/index.php\/curriculum-vitae\/#breadcrumb\"},\"inLanguage\":\"fr-FR\",\"potentialAction\":[{\"@type\":\"ReadAction\",\"target\":[\"https:\/\/erwancorre.fr\/index.php\/curriculum-vitae\/\"]}]},{\"@type\":\"BreadcrumbList\",\"@id\":\"https:\/\/erwancorre.fr\/index.php\/curriculum-vitae\/#breadcrumb\",\"itemListElement\":[{\"@type\":\"ListItem\",\"position\":1,\"name\":\"Accueil\",\"item\":\"https:\/\/erwancorre.fr\/\"},{\"@type\":\"ListItem\",\"position\":2,\"name\":\"Curriculum Vitae\"}]},{\"@type\":\"WebSite\",\"@id\":\"https:\/\/erwancorre.fr\/#website\",\"url\":\"https:\/\/erwancorre.fr\/\",\"name\":\"erwancorre\",\"description\":\"\",\"publisher\":{\"@id\":\"https:\/\/erwancorre.fr\/#organization\"},\"potentialAction\":[{\"@type\":\"SearchAction\",\"target\":{\"@type\":\"EntryPoint\",\"urlTemplate\":\"https:\/\/erwancorre.fr\/?s={search_term_string}\"},\"query-input\":{\"@type\":\"PropertyValueSpecification\",\"valueRequired\":true,\"valueName\":\"search_term_string\"}}],\"inLanguage\":\"fr-FR\"},{\"@type\":\"Organization\",\"@id\":\"https:\/\/erwancorre.fr\/#organization\",\"name\":\"erwancorre\",\"url\":\"https:\/\/erwancorre.fr\/\",\"logo\":{\"@type\":\"ImageObject\",\"inLanguage\":\"fr-FR\",\"@id\":\"https:\/\/erwancorre.fr\/#\/schema\/logo\/image\/\",\"url\":\"https:\/\/erwancorre.fr\/wp-content\/uploads\/2026\/01\/logo.png\",\"contentUrl\":\"https:\/\/erwancorre.fr\/wp-content\/uploads\/2026\/01\/logo.png\",\"width\":894,\"height\":915,\"caption\":\"erwancorre\"},\"image\":{\"@id\":\"https:\/\/erwancorre.fr\/#\/schema\/logo\/image\/\"}}]}<\/script>\n<!-- \/ Yoast SEO plugin. -->","yoast_head_json":{"title":"Curriculum Vitae - erwancorre","robots":{"index":"index","follow":"follow","max-snippet":"max-snippet:-1","max-image-preview":"max-image-preview:large","max-video-preview":"max-video-preview:-1"},"canonical":"https:\/\/erwancorre.fr\/index.php\/curriculum-vitae\/","og_locale":"fr_FR","og_type":"article","og_title":"Curriculum Vitae - erwancorre","og_description":"Tout part d&rsquo;un r\u00eave d&rsquo;enfant Depuis petit, mon esprit a toujours \u00e9t\u00e9 en \u00e9bullition. J&rsquo;ai toujours aim\u00e9 cr\u00e9er, dessiner, et surtout, r\u00eaver. Pendant longtemps, je me suis projet\u00e9 dessinateur, architecte ou encore designer d&rsquo;objet. Les titres changeaient, mais le moteur restait le m\u00eame : l&rsquo;envie visc\u00e9rale de partager ce qui se trouve dans mon cerveau, [&hellip;]","og_url":"https:\/\/erwancorre.fr\/index.php\/curriculum-vitae\/","og_site_name":"erwancorre","article_modified_time":"2026-01-14T19:18:29+00:00","twitter_card":"summary_large_image","twitter_misc":{"Dur\u00e9e de lecture estim\u00e9e":"3 minutes"},"schema":{"@context":"https:\/\/schema.org","@graph":[{"@type":"WebPage","@id":"https:\/\/erwancorre.fr\/index.php\/curriculum-vitae\/","url":"https:\/\/erwancorre.fr\/index.php\/curriculum-vitae\/","name":"Curriculum Vitae - erwancorre","isPartOf":{"@id":"https:\/\/erwancorre.fr\/#website"},"datePublished":"2026-01-14T13:39:09+00:00","dateModified":"2026-01-14T19:18:29+00:00","breadcrumb":{"@id":"https:\/\/erwancorre.fr\/index.php\/curriculum-vitae\/#breadcrumb"},"inLanguage":"fr-FR","potentialAction":[{"@type":"ReadAction","target":["https:\/\/erwancorre.fr\/index.php\/curriculum-vitae\/"]}]},{"@type":"BreadcrumbList","@id":"https:\/\/erwancorre.fr\/index.php\/curriculum-vitae\/#breadcrumb","itemListElement":[{"@type":"ListItem","position":1,"name":"Accueil","item":"https:\/\/erwancorre.fr\/"},{"@type":"ListItem","position":2,"name":"Curriculum Vitae"}]},{"@type":"WebSite","@id":"https:\/\/erwancorre.fr\/#website","url":"https:\/\/erwancorre.fr\/","name":"erwancorre","description":"","publisher":{"@id":"https:\/\/erwancorre.fr\/#organization"},"potentialAction":[{"@type":"SearchAction","target":{"@type":"EntryPoint","urlTemplate":"https:\/\/erwancorre.fr\/?s={search_term_string}"},"query-input":{"@type":"PropertyValueSpecification","valueRequired":true,"valueName":"search_term_string"}}],"inLanguage":"fr-FR"},{"@type":"Organization","@id":"https:\/\/erwancorre.fr\/#organization","name":"erwancorre","url":"https:\/\/erwancorre.fr\/","logo":{"@type":"ImageObject","inLanguage":"fr-FR","@id":"https:\/\/erwancorre.fr\/#\/schema\/logo\/image\/","url":"https:\/\/erwancorre.fr\/wp-content\/uploads\/2026\/01\/logo.png","contentUrl":"https:\/\/erwancorre.fr\/wp-content\/uploads\/2026\/01\/logo.png","width":894,"height":915,"caption":"erwancorre"},"image":{"@id":"https:\/\/erwancorre.fr\/#\/schema\/logo\/image\/"}}]}},"_links":{"self":[{"href":"https:\/\/erwancorre.fr\/index.php\/wp-json\/wp\/v2\/pages\/882","targetHints":{"allow":["GET"]}}],"collection":[{"href":"https:\/\/erwancorre.fr\/index.php\/wp-json\/wp\/v2\/pages"}],"about":[{"href":"https:\/\/erwancorre.fr\/index.php\/wp-json\/wp\/v2\/types\/page"}],"author":[{"embeddable":true,"href":"https:\/\/erwancorre.fr\/index.php\/wp-json\/wp\/v2\/users\/1"}],"replies":[{"embeddable":true,"href":"https:\/\/erwancorre.fr\/index.php\/wp-json\/wp\/v2\/comments?post=882"}],"version-history":[{"count":34,"href":"https:\/\/erwancorre.fr\/index.php\/wp-json\/wp\/v2\/pages\/882\/revisions"}],"predecessor-version":[{"id":1097,"href":"https:\/\/erwancorre.fr\/index.php\/wp-json\/wp\/v2\/pages\/882\/revisions\/1097"}],"wp:attachment":[{"href":"https:\/\/erwancorre.fr\/index.php\/wp-json\/wp\/v2\/media?parent=882"}],"curies":[{"name":"wp","href":"https:\/\/api.w.org\/{rel}","templated":true}]}}